 is the greatest common factor of 2 and f?
1
Let x(i) = 37*i**2 + 43*i + 140. Let h be x(-4). Calculate the greatest common factor of 35 and h.
35
Suppose 2*a = -0*a + 2. Suppose -19 = -3*j - a. Let s be (-142)/(-3) - (-6)/9. What is the greatest common divisor of j and s?
6
Let h(b) = b - 3. Suppose 3*j - 31 = 20. Let a be h(j). Suppose -l = -3*g - 0*g + 21, 35 = 5*g + 3*l. What is the greatest common divisor of g and a?
7
Let h be ((-6)/(-7) + 0)*7. Let d(f) = -2*f + 5*f**2 - 1 - h*f + 9*f. Let o be d(-2). Calculate the highest common factor of o and 187.
17
Let c = 17 + -13. Calculate the highest common factor of 26 and c.
2
Suppose -4 = -b + 19. Suppose 0 = -5*f + 2*y + 94, -b = -f - 2*y + y. Calculate the highest common divisor of 160 and f.
20
Let b = -319 - -370. What is the greatest common factor of b and 153?
51
Let q = -14 - -19. Suppose q*g = 108 + 7. Calculate the greatest common divisor of 46 and g.
23
Suppose -3*r + 0*r = 24. Let h(o) = -o**2 - 8*o + 4. Let m be h(r). Suppose -6*a = -4*a - 8. Calculate the highest common divisor of a and m.
4
Suppose 23*s - 110 = 51. Suppose 3*o = -3*x + 186, 2*o = o + 3*x + 66. Calculate the greatest common divisor of o and s.
7
Let m be (-2 + 2)/(2/(-2)). Suppose m*w = 4*w + 5*z - 45, 0 = -2*w + 2*z. Let s be w*21*(-3)/(-9). What is the highest common factor of 7 and s?
7
Let x(f) = -6*f + 70. Let w be x(11). Calculate the highest common factor of 12 and w.
4
Let j(n) = -2*n**2 + 21*n - 26 + n**2 + 16. Let y be j(14). Calculate the greatest common factor of 11 and y.
11
Let x(c) = c**3 + 6*c**2 - 8*c + 5. Let r be x(-7). Let m be (-27)/r*176/(-6). Suppose 0 = k + 2*k - m. Calculate the greatest common factor of k and 33.
11
Suppose 4*l - 112 = -2*x, -17*x + 4*l - 166 = -20*x. Calculate the greatest common divisor of x and 135.
27
Let q be (320/(-24))/((-2)/6). Let v(n) = n + 7. Let s be v(-3). Suppose -a - s*a = -q. What is the highest common divisor of 88 and a?
8
Let s = -41 + 96. Let h = 91 - s. Calculate the greatest common factor of 90 and h.
18
Let y = -41 - -73. Let p = 92 - y. What is the greatest common divisor of 12 and p?
12
Let a be 45 - 0*(3 - 8/3). Calculate the highest common factor of a and 20.
5
Let x(j) = 7*j + 110. Let a be x(-14). What is the greatest common factor of 18 and a?
6
Suppose -2*r - r = -294. Suppose 0 = 5*j + 5, 3*w - 4*j - 32 = w. Calculate the greatest common divisor of w and r.
14
Let q be (((-86)/8)/(3/(-12)))/1. What is the greatest common divisor of 774 and q?
43
Let w = -266 - -502. Suppose -f - 3*f - 4*c = -w, 4*f - 220 = 4*c. What is the highest common divisor of f and 19?
19
Let m = 72 + -64. Let n be 2/m + 147/84. What is the greatest common divisor of n and 14?
2
Let o(v) = -7*v - 153. Let h be o(-24). What is the greatest common divisor of 3 and h?
3
Suppose 6*r - 3*r = 6. Suppose 71 = 3*j - p, 11 = 2*j + r*p - 47. What is the greatest common factor of j and 200?
25
Suppose 0 = -3*h + 24 + 3. Suppose -5*k = 4*q + 11, 3*q = 5*q - 2. Let d(n) = 5*n**2 + 5*n - 3. Let o be d(k). Calculate the highest common factor of o and h.
9
Let c be ((-3)/5)/(2040/(-225) - -9). Calculate the greatest common factor of 147 and c.
3
Suppose -11 + 35 = 2*i. Let s = 69 - 59. Let c be (-268 - 2)*(-4)/s. Calculate the greatest common factor of c and i.
12
Let q = 23 - 7. Suppose 55 - 45 = 5*r. What is the greatest common divisor of r and q?
2
Suppose 0 = -5*n + 4*d + 3670, 781 = 2*n - 5*d - 670. Calculate the highest common divisor of n and 18.
18
Suppose 3*n = -3*b + 4*b + 9, 4*n - 16 = 0. Let k = -15 - -5. Let v = b - k. Calculate the greatest common divisor of v and 78.
13
Let d = -219 - -265. Calculate the greatest common divisor of 46 and d.
46
Let w(b) = b**3 - 9*b**2 - 10*b + 8. Let v be w(10). Suppose -4*m + v*m = 52. What is the highest common divisor of m and 13?
13
Let n be (-2*(-6)/(-20))/((-1)/85). Let b be (-22)/77 + (-19)/7. Let d(m) = -12*m - 2. Let v be d(b). Calculate the highest common divisor of v and n.
17
Suppose 0 = -8*z + 11*z - 4*g - 2, 0 = -5*z - 2*g - 40. Let l be (34 + -7)*z/(-9). Calculate the highest common divisor of 18 and l.
18
Suppose 7*b - 209 = 358. Suppose 1 - b = -5*y. Calculate the highest common factor of y and 80.
16
Let f = 1095 + -649. Let k be f/14 - (288/42 - 7). Calculate the highest common divisor of k and 32.
32
Let w(f) = -4*f + 6. Suppose 3 = 4*a - 9. Suppose 3 + a = -c. Let y be w(c). Calculate the highest common factor of 10 and y.
10
Suppose 3423 = 37*f + 833. What is the highest common divisor of 1470 and f?
70
Suppose -3*i + 5*i - 32 = 0. Suppose -2*s + 305 = 4*g - s, 0 = 5*g + s - 381. Let f = -28 + g. What is the greatest common factor of f and i?
16
Let c be 38 - -1 - 6/(-2). What is the greatest common factor of c and 12?
6
Let u(f) = f**3 + 6*f**2 - 16*f + 14. Let s be u(-8). Calculate the highest common divisor of s and 8.
2
Let h = -1260 - -1270. What is the greatest common factor of h and 320?
10
Suppose -k - k + 8 = 0. Suppose 4*g - 22 = -3*v + 3*g, 4*g = 2*v + k. Suppose v = 3*m, -2*a + 24 = -m - 278. Calculate the greatest common factor of a and 19.
19
Suppose -2*m + 139 = 24*b - 25*b, 5*b + 191 = 3*m. Calculate the highest common factor of m and 192.
24
Suppose -15*l + l + 168 = 0. Calculate the highest common factor of l and 3.
3
Let d = -42410 + 42416. Suppose 0 = -c + 4*t + 10, 0 = 5*c - 6*t + 4*t - 14. Calculate the highest common divisor of d and c.
2
Let a(d) = -3*d - 9. Let r be a(-4). Suppose -3*p = -72 - r. Suppose -3 + p = 2*c. Calculate the greatest common divisor of c and 33.
11
Suppose 2*d + p = 3*p + 42, 0 = -4*d + p + 69. Suppose -d = 3*q - 289. Let t = 131 - q. Calculate the greatest common factor of t and 10.
10
Suppose 5*h - h = 32. Let c(o) = -2*o**3 - 2*o**2 + o - 2. Let y(s) = 3*s - 20. Let m be y(6). Let b be c(m). What is the highest common divisor of h and b?
4
Let z be 9/21 + 22/14. Calculate the greatest common divisor of z and 18.
2
Let j(i) = i**3 - 5*i**2 + 9*i + 3. Let f be j(7). Suppose f = 2*o + 10. Let t = o - -25. Calculate the highest common divisor of t and 17.
17
Let a = -41 - -6. Let h = -23 - a. Let d = h - 6. What is the highest common divisor of 3 and d?
3
Let q be 28 - (1 + 0)/(-1). Suppose 10*n = 5*n + 2740. Suppose 84 - n = -2*g. What is the greatest common factor of g and q?
29
Suppose -14*i + 417 = -3. Let m = -5 - -15. What is the greatest common divisor of m and i?
10
Let z(w) = -232 + 238 - 3*w - 26*w. Let s be z(-2). Suppose 3*o - 5*f - 23 = 0, -3*o - 2*f = -40 - 18. Calculate the greatest common factor of s and o.
16
Suppose 5*v - j - 11314 = 0, 2*v - 3*j + 5*j - 4516 = 0. Calculate the highest common factor of v and 78.
78
Let h(q) = q + 11. Let m be h(-8). Suppose -2*s = 3*g - 78 - 155, -g - m = 0. Let k = 27 - 16. What is the highest common divisor of s and k?
11
Suppose 81*a - 91*a + 1120 = 0. What is the greatest common factor of a and 196?
28
Let w = -1123 + 1523. Calculate the greatest common factor of w and 240.
80
Let u be 4/8 + (-1)/(-2). Let f(h) be the first derivative of -h**2/2 + 2*h - 6. Let n be f(0). Calculate the highest common factor of u and n.
1
Suppose -383 = -3*d + 37. Let o be ((-26)/5)/((-4)/d). Suppose 0 = -7*z + 3*z + 104. Calculate the highest common divisor of z and o.
26
Let d(j) = -13*j**3 - 5*j - 4. Let z be d(-1). What is the greatest common divisor of 602 and z?
14
Let p(z) = z**3 + 6*z**2 + 9*z + 7. Let w be p(-5). Let t(x) = 8 + 0 + x**3 + 2 + 14*x**2 + 13*x. Let u be t(w). What is the highest common divisor of u and 70?
10
Suppose -26*y = -21*y - 20. Let i(r) = r. Let b be i(y). Let u(k) = 2*k + 7. Let h be u(b). Calculate the greatest common divisor of 10 and h.
5
Suppose -5*i + 103 = -u, -45*i + 92 = -41*i - 4*u. Suppose 5*j + b - 96 = 0, 6 + 70 = 3*j - 4*b. Calculate the highest common factor of i and j.
20
Let g = -199 + 359. Suppose 0 = r - 25 + 115. Let j = -26 - r. Calculate the highest common divisor of g and j.
32
Let f(n) = n**2 + 8*n + 24. Let m be f(-6). Suppose -3*d + m = -0*d. What is the highest common divisor of d and 92?
4
Let c be -4*(-2 - (-3)/4). Suppose c*d - 27 = 3. What is the highest common divisor of 66 and d?
6
Let c(m) = -m**3 - 3*m**2 - m + 2. Let n be c(-2). Suppose 2*t + 9 - 49 = n. Cal